t p(m) = -m**2 + 16*m - 71. What is p(10)?
-11
Let m(o) = o**2 - 13*o + 13. Calculate m(9).
-23
Let g(i) = i**2 - 88*i - 370. What is g(-4)?
-2
Let q(b) = -b**3 - 4*b**2 + 42*b - 27. What is q(-9)?
0
Let n(p) = 2*p**2 - 2*p + 3. Give n(3).
15
Let v(a) = a**2 + a - 7. Determine v(-4).
5
Let r(u) = 4*u - 20. What is r(-4)?
-36
Let b(k) = 2*k**2 - 1. What is b(1)?
1
Let d(v) = v**3 - 6*v**2 - 5*v + 5. Give d(7).
19
Let w(p) = -p**2 - 14*p - 9. Determine w(-14).
-9
Let k(q) = -4*q + 5. Calculate k(-8).
37
Let b(p) = 3*p**2 + 10*p + 1. Determine b(-5).
26
Let c(w) = 28*w - 542. Calculate c(19).
-10
Let x(a) = -a**3 + 4*a**2 - a + 1. Determine x(2).
7
Let u(b) = -b**3 - 7*b**2 - 2*b - 3. What is u(-7)?
11
Let g(u) = u - 8. Determine g(4).
-4
Let c(i) = -15*i**2 + 105*i - 6. Determine c(7).
-6
Let h(z) = 3*z**2 + 41*z - 167. Determine h(-17).
3
Let m(f) = -f**3 + 6*f**2 - 6*f. Determine m(5).
-5
Let m(a) = a**3 + 7*a**2 - 7*a + 16. What is m(-8)?
8
Let j(z) = z**2 + 8*z + 13. Determine j(-5).
-2
Let k(n) = -n**3 - 18*n**2 + n + 11. Determine k(-18).
-7
Let y(q) = -q**2 - 3*q - 36. What is y(0)?
-36
Let y(d) = -d**3 - 3*d**2 - 2*d + 2. Determine y(-3).
8
Let i(q) = q**3 - 7*q**2 + 14*q - 21. Determine i(5).
-1
Let v(t) = t**2 - 15. What is v(5)?
10
Let u(b) = -3*b + 10. Calculate u(3).
1
Let z(t) = t**2 + 24. Determine z(0).
24
Let l(h) = -2*h + 41. Give l(24).
-7
Let x(s) = s**3 + 6*s**2 + 4*s + 10. Give x(-5).
15
Let w(v) = v**3 + 6*v**2 - 8*v - 3. Give w(-7).
4
Let v(u) = -u**2 - 6*u + 20. Give v(-9).
-7
Let d(p) = 2*p**3 + 19*p**2 - 9*p + 13. Give d(-10).
3
Let b(s) = s**2 + 12*s + 2. Give b(-13).
15
Let i(t) = -t**3 - 7*t**2 + 3*t + 38. Calculate i(-6).
-16
Let t(s) = 9*s - 13. What is t(2)?
5
Let m(h) = h**3 - 8*h**2 + 10*h - 7. Determine m(7).
14
Let i(s) = -s**3 + 6*s**2 - 6*s + 1. Give i(4).
9
Let y(n) = -n**3 - 12*n**2 + 13*n + 18. Calculate y(-13).
18
Let x(q) = 5*q**2 - 7*q + 14. Calculate x(2).
20
Let d(n) = n**3 + 6*n**2 + 6*n + 9. Give d(-4).
17
Let z(a) = 12*a - 62. What is z(5)?
-2
Let w(j) = 5*j**2 + j - 3. Determine w(-2).
15
Let v(d) = -d**3 - 6*d**2 + d + 8. Give v(-2).
-10
Let i(w) = 14*w - 3. Calculate i(-3).
-45
Let v(h) = -3*h + 66. What is v(22)?
0
Let m(c) = -c**3 - 8*c**2 + 6*c + 3. Calculate m(-5).
-102
Let a(q) = -q**3 - 6*q**2 + 6*q + 5. Give a(-7).
12
Let p(o) = -o**3 + o**2 - 7*o + 16. Calculate p(2).
-2
Let k(l) = l**3 - l**2 - 4*l - 1. What is k(-3)?
-25
Let y(m) = m**2 - 6*m + 3. Calculate y(4).
-5
Let s(b) = -b**2 - 10*b - 15. Determine s(-6).
9
Let t(n) = -7*n + 1. Determine t(3).
-20
Let u(c) = 5*c + 11. Give u(-4).
-9
Let j(s) = -s**3 - 7*s**2 + 2*s - 11. Determine j(-8).
37
Let z(s) = -s**3 - 13*s**2 + 11*s - 1. What is z(-14)?
41
Let f(u) = -54*u**2 - 2. Give f(1).
-56
Let k(r) = r**2 + 13*r - 2. Give k(-13).
-2
Let j(q) = -q**2 + 8*q - 1. What is j(8)?
-1
Let t(d) = -10*d - 39. Determine t(-4).
1
Let v(r) = r**2 - 6*r + 3. What is v(11)?
58
Let l(g) = g**2 + 11*g + 13. Calculate l(-9).
-5
Let d(v) = 13*v + 120. What is d(-10)?
-10
Let m(s) = 5*s**2 + 77*s - 53. What is m(-16)?
-5
Let w(h) = -8*h + 239. Calculate w(29).
7
Let z(x) = -x. Give z(6).
-6
Let i(w) = -w**3 + 7*w**2 - 5*w - 12. Determine i(6).
-6
Let y(z) = 5*z - 10. What is y(-11)?
-65
Let p(d) = 2*d**3 - 7*d**2 + 5*d - 2. Calculate p(4).
34
Let p(a) = -2*a**2 - 13*a - 7. Determine p(-10).
-77
Let d(o) = 23*o - 117. Give d(5).
-2
Let h(j) = 2*j - 2. Give h(5).
8
Let o(a) = -5*a + 38. Give o(6).
8
Let x(g) = -g**3 + 7*g**2 - 9*g + 8. What is x(6)?
-10
Let i(d) = 30*d - 206. What is i(7)?
4
Let f(o) = 4*o - 13. What is f(3)?
-1
Let p(u) = -3*u**3 + u - 1. What is p(1)?
-3
Let m(p) = -p**2 + 2*p + 19. Give m(-4).
-5
Let l(o) = o**2 + 4*o - 28. Give l(4).
4
Let i(c) = c**2 - 14*c + 14. What is i(14)?
14
Let g(i) = -7*i**2 - 1. Determine g(1).
-8
Let i(h) = h**3 - 6*h**2 - 5*h + 2. Give i(7).
16
Let q(l) = -l**2 + l + 59. What is q(-8)?
-13
Let j(r) = -r - 2. What is j(1)?
-3
Let t(b) = -4*b**3 - b**2 - 2. Give t(-2).
26
Let h(y) = 4*y**3 - 7*y - 10. What is h(-2)?
-28
Let a(g) = -g**3 - g**2 + g - 78. Calculate a(0).
-78
Let p(f) = -13*f + 172. What is p(21)?
-101
Let p(o) = -4*o - 9. What is p(-8)?
23
Let a(m) = -3*m**2 + 12*m + 16. Calculate a(-3).
-47
Let o(i) = 18*i + 62. Calculate o(-3).
8
Let l(f) = 7*f**2 - 18*f + 60. What is l(3)?
69
Let r(x) = -5*x**3 - 2*x**2 + 1. What is r(-1)?
4
Let i(k) = 3*k + 27. Give i(-15).
-18
Let b(w) = -w**2 + 11*w - 10. Calculate b(8).
14
Let t(f) = 5*f**2 - f - 7. What is t(-3)?
41
Let b(z) = 9*z + 2. Determine b(1).
11
Let n(i) = -i**3 + 6*i**2 + 3*i - 35. What is n(6)?
-17
Let t(u) = u**3 - 3*u**2 - u - 2. Determine t(2).
-8
Let s(d) = d**3 + 14*d**2 - 18*d - 36. What is s(-15)?
9
Let v(z) = z**3 + 4*z**2 - z - 2. Calculate v(-5).
-22
Let p(b) = -34*b + 27. Give p(5).
-143
Let h(m) = m**3 - 6*m**2 - 5*m - 9. Give h(7).
5
Let q(d) = d**3 - 2*d**2 - 7*d - 2. Calculate q(4).
2
Let g(m) = m**2 - 18. Calculate g(-6).
18
Let c(i) = -i**3 - 6*i**2 - 3*i + 4. What is c(-5)?
-6
Let s(z) = 12*z**3 + z**2 - z - 1. Calculate s(-1).
-11
Let g(w) = 2*w**2 + w - 2. Determine g(-2).
4
Let t(c) = -11*c - 182. Calculate t(-16).
-6
Let p(d) = -25*d**3 - 2*d**2 + d + 2. Give p(-1).
24
Let s(j) = -10*j**2 + 3*j + 4. What is s(-2)?
-42
Let v(a) = a**2 - 8*a + 17. Calculate v(9).
26
Let h(p) = p**2 - 15*p + 27. Give h(13).
1
Let h(s) = -s**2 - 17*s + 33. Determine h(-18).
15
Let x(c) = -c**2 + 4*c + 6. Determine x(6).
-6
Let q(v) = -v**2 - 1. Give q(2).
-5
Let o(b) = 8*b - 1. Determine o(-9).
-73
Let a(k) = -2*k**2 + 14*k - 7. Give a(6).
5
Let n(y) = y**3. What is n(-2)?
-8
Let m(o) = 2*o**2 - 14*o + 12. Calculate m(6).
0
Let f(i) = i**2 + 2*i - 1. Give f(-2).
-1
Let w(y) = -y**3 - 7*y**2 - 6*y - 2. Calculate w(-6).
-2
Let d(l) = -19*l - 60. Determine d(-4).
16
Let h(w) = w**3 - 17*w**2 + 30*w + 20. What is h(14)?
-148
Let d(b) = -2*b**2 - 5*b + 2. Give d(5).
-73
Let f(w) = w**2 + 30*w + 36. Determine f(-28).
-20
Let p(k) = -2*k**2 - 2*k + 1. What is p(1)?
-3
Let w(z) = -8*z + 1. Give w(-3).
25
Let n(p) = -p**3 - 6*p**2 - 7*p + 4. Calculate n(-3).
-2
Let c(b) = -2*b**2 - 37*b - 137. What is c(-13)?
6
Let x(q) = -2*q**3 + 30*q**2 + 5*q - 54. What is x(15)?
21
Let f(r) = -22*r. What is f(3)?
-66
Let q(b) = b**3 - 9*b**2 + 8*b + 8. Calculate q(5).
-52
Let t(v) = -19*v + 113. Give t(3).
56
Let q(h) = 10*h - 12. Determine q(9).
78
Let r(j) = -2*j**2 - 39*j + 29. Determine r(-20).
9
Let z(b) = 3*b**2 - 5*b - 19. Give z(-4).
49
Let d(w) = -w**2 + 11*w - 9. Calculate d(11).
-9
Let i(j) = 3*j - 1. Give i(2).
5
Let f(h) = 26*h - 1799. Give f(69).
-5
Let h(t) = 3*t - 16. Give h(6).
2
Let g(x) = -2*x - 22. Determine g(-21).
20
Let i(c) = c**2 + 20*c + 73. Give i(-6).
-11
Let j(v) = -55*v + 159. Calculate j(3).
-6
Let j(f) = 5*f - 32. Calculate j(9).
13
Let i(k) = k**3 + 9*k**2 + 14*k - 4. What is i(-4)?
20
Let b(f) = 93*f + 556. Determine b(-6).
-2
Let t(m) = 4*m + 17. What is t(-4)?
1
Let o(u) = 5*u**2 - 2*u + 2. What is o(1)?
5
Let s(x) = x**2 + 2*x - 20. Give s(5).
15
Let s(w) = -2*w**3 + w**2 + 4*w + 1. Give s(3).
-32
Let o(h) = -3*h**3 - 3*h**2 - 5*h - 2. Give o(-1).
3
Let m(y) = y**2 - 14*y + 20. Give m(13).
7
Let f(i) = -2*i**3 + 26*i**2 - 15*i - 13. Determine f(12).
95
Let t(p) = -2*p - 10. Determine t(-12).
14
Let k(d) = -d**3 - 4*d**2 - 7*d + 2. Give k(-5).
62
Let o(i) = -105*i - 2415. Determine o(-23).
0
Let i(w) = 10*w + 46. What is i(-4)?
6
Let i(h) = -h**3 - h**2 + 5*h + 5. Calculate i(-3).
8
Let q(b) = -b**2 + 8*b + 3. Determine q(4).
19
Let v(i) = 2*i**3 + 5*i**2 + 8*i + 3. Calculate v(-3).
-30
Let f(n) = -n**2 + 8*n - 4. Calculate f(3).
11
Let b(y) = 14*y + 81. Calculate b(-6).
-3
Let u(i) = -5*i - 12. Give u(-3).
3
Let u(x) = -x**3 - 2*x**2 + 5*x - 6. Calculate u(0).
-6
Let x(a) = a**3 + 11*a**2 + 16*a - 22. Determine x(-9).
-4
Let f(d) = -d**2 - 22*d - 67. Give f(-17).
18
Let n(j) = -j**3 - 3*j**2 + 6*j - 1. Give n(-4).
-9
Let f(a) = -a**3 - 2*a**2 + a + 75. Determine f(0).
75
Let l(n) = 4*n**2 + n - 2. Determine l(-1).
1
Let f(c) = 2*c**2 - 4*c + 3. Calculate f(1).
1
Let d(b) = 5*b - 24. Determine d(3).
-9
Let y(m) = -6*m - 3. What is y(-6)?
33
Let n(z) = -2*z + 4. Calculate n(3).
-2
Let p(i) = -i**2 + 5*i - 8. Give p(6).
